he tens digit of m?
2
Suppose -214*p + 142236 = -187*p. What is the hundreds digit of p?
2
Suppose -4*h = 20, -4*s - 2*h + 4*h - 10 = 0. Let i(l) = l**2 + 4*l + 15. Let f be i(s). Suppose 4*z - 188 = f. What is the units digit of z?
2
Suppose 0 = -4*r + 3*g - 205, 2*r + 5*g - 9*g + 110 = 0. Let u = r + 55. Suppose -h + u*h = 400. What is the units digit of h?
0
Suppose -d = -h + 195 + 598, 2*d = -2*h + 1570. Let r = h - 209. What is the hundreds digit of r?
5
Suppose 33902 = 19*m - 8*m. Let u = m + -1586. What is the tens digit of u?
9
Suppose -454424 - 250792 = -96*j. What is the units digit of j?
6
What is the hundreds digit of (1278/42 + -3)*(-294)/(-12)?
6
Let b = -59 + 87. Let o = b - 28. Suppose q + o*f - 2*f = 184, -q - 5*f = -212. What is the tens digit of q?
9
What is the units digit of 9/(117/182) + 14859?
3
Let t be 1837 + (9 - 7) + 1*2. Suppose 0 = x - c - 458, 0 = -0*x - 4*x + c + t. What is the tens digit of x?
6
Let w(a) = a**2 - 71*a - 39. What is the tens digit of w(88)?
5
Let d(g) = -98*g**3 + 4*g**2 + 45*g + 69. What is the tens digit of d(-5)?
9
Suppose 4*j - 47*o = -52*o + 4606, 0 = 5*j + 2*o - 5766. What is the thousands digit of j + (16 - 8) + 6?
1
Suppose 3*n + 598 - 15016 = 0. What is the thousands digit of n?
4
Let i be 1 + -5 + 0 + 118. Suppose -5*t + 18 + 67 = 0. Suppose -t*n + 11*n = -i. What is the units digit of n?
9
Suppose -18*j + 2655740 = 128*j. What is the thousands digit of j?
8
Suppose -5*h = -4*j - 30, 0 = -7*h + 4*h - 5*j - 19. Suppose -3*p + 6 = 2*z - 13, 10 = h*z. What is the units digit of (p/(-12))/(5/(-1780))?
9
Let m = -141 + 244. Suppose k - 27 = -c, -5*k = -3*c - 0*c - m. Suppose q - k = 78. What is the tens digit of q?
0
Suppose 181*y = 177*y + 2*r + 58708, 0 = 4*y - 5*r - 58690. What is the tens digit of y?
8
Let f be 6/(72/1518) + (-1)/2. Suppose 14*c - 21*c = -f. What is the units digit of 6/c - (1316/6)/(-2)?
0
Let z(r) = 46*r - 1. Suppose -x + 39 = 4. Let p = x + -33. What is the units digit of z(p)?
1
Let d(t) = 2*t**2 + 8*t + 19. Suppose 18 = -3*s + 3*y - 2*y, -2*y + 6 = -s. What is the tens digit of d(s)?
4
Let c(j) = 3*j + 20. Let s(m) = -3*m - 20. Let g(l) = 5*c(l) + 4*s(l). What is the units digit of g(9)?
7
Let s(f) = -f**2 - 7*f - 3. Let a(b) = b**2 + 11*b - 6. Let r be a(-11). Let z be s(r). Suppose -2*c + z = 5, 4*c + 139 = d. What is the units digit of d?
5
Suppose -6 = 5*g - 21. Suppose v + i - g*i = 88, 0 = 3*v - 3*i - 270. Suppose -3*k - v = -236. What is the units digit of k?
8
Let d(i) = i**2 - 2. Let h be d(-3). Suppose -t - 17 = 6*x - 11*x, -4*x + h = -3*t. Suppose -426 = -10*k + x*k. What is the units digit of k?
1
Suppose y - 3*w - 16 = 0, 8 = 3*y + 3*w - 2*w. Suppose 2*k - 1659 = -5*u, -y*u = -0*u - 2*k - 1338. What is the tens digit of u?
3
Suppose 109*k - 24*k + 26*k - 1495947 = 0. What is the tens digit of k?
7
Let a(k) = 991*k**2 - 727*k + 2. What is the tens digit of a(-6)?
4
Suppose 39*v = 33*v + 1518. Let p = v + 310. What is the units digit of p?
3
Let u = 12316 + -8116. What is the tens digit of u?
0
Suppose 8767 = b + 4*f, 0*f = 2*b + 5*f - 17540. Suppose 866 = -11*h + b. What is the hundreds digit of h?
7
Let c = -332 + 439. Let a = c - -399. What is the units digit of a?
6
Suppose -5*m + 2451 - 549 = 3*n, -5*n + 3170 = 3*m. Suppose -4*c + 211 = p, n = 4*p + 5*c - 166. What is the units digit of p?
5
Let x be 4/6*84/(-8). Let u(i) = 7*i - 23. Let m be u(x). What is the tens digit of (-1)/(-6) + (-3372)/m?
4
Let p be (18/(-15))/(2/(-5)) - -29. Let r be ((-120)/p)/(3/(-104)). Let u = 350 - r. What is the tens digit of u?
2
Let f(l) = -5*l + 218. Let p be f(44). Let x(w) = 65*w - 8. Let u(t) = 33*t - 4. Let h(a) = -5*u(a) + 2*x(a). What is the tens digit of h(p)?
7
Let a(j) = -4*j**2 - 2*j + 34. Let b be a(16). Let c = 1778 + b. What is the tens digit of c?
5
Suppose 10*m - 476 = 6*m. Suppose w - 2*w = -4*p - m, 5*w - 4*p - 579 = 0. Suppose -57 = -2*l + 2*x + 23, 2*x = 3*l - w. What is the units digit of l?
5
Let d = 161 + -135. Suppose -2*u - 144 - 74 = 0. Let t = d - u. What is the units digit of t?
5
Let o = -101 - -101. Suppose 7*y - 34 - 2927 = o. What is the units digit of y?
3
Let z(c) = 10*c**3 + 2*c**2 - 4*c - 2. Let p be z(4). Let x = -74 + p. Suppose -4*i - 575 = -y - 2*y, i = -3*y + x. What is the units digit of y?
3
Let k(m) be the third derivative of 143*m**6/120 - m**5/30 - m**4/24 + 7*m**3/6 - 274*m**2. What is the units digit of k(2)?
1
Suppose 0 = l - 5*t + 167 + 2201, 5*l - 5*t + 11920 = 0. Let z = -1400 - l. What is the units digit of z?
8
Suppose 2*f + r + 4 = 0, 3*f - 4*r + 14 + 14 = 0. Let b be f*(-20)/16 - 32. What is the units digit of 85/2*b*(-14)/105?
3
Let o = 1 - -17. Suppose 0*f + f = o. What is the units digit of 11*-3*f/(-27)?
2
Let c(f) = -f**3 - 4*f**2 + 7*f + 13. Let g be c(-5). Let l(o) = 10*o**2 + 3 + 2*o**2 - 4*o + 4*o**2 - 5*o**2. What is the tens digit of l(g)?
9
Let b(y) = 4 + 3*y**2 + 6*y + 0*y**2 - 1. Let i be 5*(1152/60)/(-24). What is the tens digit of b(i)?
2
Let a be (33/15)/(19/(-95)). What is the tens digit of (a + (-2097)/(-6))*(-4)/(-2)?
7
Let b(y) = 61*y**2 - 29*y - 22. What is the hundreds digit of b(10)?
7
Let y = 9059 - -10996. What is the thousands digit of y?
0
Suppose 25*p = 24*p + 4*z + 14289, -2*p + 28534 = 3*z. What is the hundreds digit of p?
2
Suppose -1849715 = -37*u - 1035375 + 1156132. What is the units digit of u?
6
Let s = 5454 - -8150. What is the units digit of s?
4
Let v = 125 + 1500. What is the hundreds digit of v?
6
Suppose 81541 = -31*l + 890758 + 318904. What is the hundreds digit of l?
3
Suppose 9042 = 2*m - 12*i + 14*i, -m = -4*i - 4541. What is the thousands digit of m?
4
Let x(p) = 849*p**2 - 14*p + 12. Let j(c) = 1698*c**2 - 30*c + 25. Let l(v) = -2*j(v) + 5*x(v). What is the hundreds digit of l(1)?
8
Let w(k) be the first derivative of 23*k**3/3 - 12*k**2 - 178*k - 128. What is the hundreds digit of w(-6)?
7
Let m be (-8040 - 0)*7*26/(-273). Suppose 11*j - 1218 = m. What is the hundreds digit of j?
5
Let f = -525 - -534. Let o(p) = 156*p + 117. What is the tens digit of o(f)?
2
Let y(a) be the third derivative of 37*a**4/12 + 6*a**3 - a**2 - 4. What is the tens digit of y(5)?
0
Let w = 7178 + 13244. What is the units digit of w?
2
Suppose -9 = -2*p - 17, 5*o = 4*p - 1899. Let l = 1021 + o. What is the hundreds digit of l?
6
What is the hundreds digit of 1392968/40 + (8/10)/(-4)?
8
Let w(a) be the second derivative of 5*a**4/12 + 23*a**3/6 + 89*a**2/2 + a. What is the tens digit of w(-13)?
3
Let u(j) = 507*j**2 + 40*j + 75. What is the tens digit of u(7)?
9
Let f be 12/(-2) - (-13 - 304). Let q = -257 + 371. Let j = f - q. What is the tens digit of j?
9
Let r(n) = 54*n - 32. Suppose -m - 5 = 0, -4*m + 3*m - 9 = -2*v. Suppose 0 = 2*x - f - 8, -6 = -x - x + v*f. What is the hundreds digit of r(x)?
2
What is the hundreds digit of (14560/(-42))/(3 - (-10)/(-3))?
0
Suppose -70*z - 64*z = -130*z - 227924. What is the tens digit of z?
8
Let t(n) = n**2 - n + 27. Let s be t(-5). Let k = s - -299. What is the tens digit of k?
5
Suppose -3*g + 41*o + 188831 = 43*o, -4*o = -3*g + 188825. What is the ten thousands digit of g?
6
Let c be (15/(-9) + 5)*(1 + 2). Suppose -28 = c*b + 22. What is the hundreds digit of 3 + 0 + b + 222?
2
Suppose -6*v = -v + 4*r + 10, -15 = 3*r. Suppose -3*k + v*a + 899 = -897, 25 = 5*a. Let p = k + -388. What is the hundreds digit of p?
2
Let t(o) = o**3 - 14*o**2 + 14*o + 19. Suppose 8 = -4*g - 0*g. Let y = g - -15. What is the units digit of t(y)?
2
Let h = 1157 + 81. Let c = h + -857. What is the units digit of c?
1
Let n = -392 + 567. Suppose j = -2*s - j + 334, -s = -j - n. Suppose -4*r + s = 59. What is the tens digit of r?
2
Let v = 685 - 1882. Let g = -354 - v. What is the units digit of g?
3
Let d be 72/(-40)*1*(-20)/12. Suppose d*c = 2*c + 3*g + 964, -2*g = -4*c + 3826. What is the tens digit of c?
5
Let s(a) = -46*a**3 + 7*a**2 + 185*a + 1378. What is the hundreds digit of s(-7)?
2
Let s(x) = 2*x**2 + 30*x + 23 + 5 - 6. What is the tens digit of s(-22)?
3
Let f = -821 - -551. Let o = 456 + f. What is the hundreds digit of o?
1
Let h(m) = -m**2 - 5*m - 3. Let w = -58 - -55. Let u be h(w). Suppose -q = 5*t - 83, -5*q + 515 = 2*t + u*t. What is the tens d